 is the hundreds digit of 24560335?
3
What is the millions digit of 8742311?
8
What is the tens digit of 13451?
5
What is the units digit of 1989209?
9
What is the thousands digit of 14448380?
8
What is the millions digit of 2097027?
2
What is the thousands digit of 449337?
9
What is the hundreds digit of 224185?
1
What is the tens digit of 28393734?
3
What is the tens digit of 15624?
2
What is the millions digit of 16346484?
6
What is the ten thousands digit of 43896?
4
What is the hundreds digit of 1056415?
4
What is the ten millions digit of 13713280?
1
What is the ten thousands digit of 15798317?
9
What is the hundreds digit of 12695247?
2
What is the ten thousands digit of 79942?
7
What is the thousands digit of 608351?
8
What is the hundreds digit of 6335101?
1
What is the tens digit of 2515514?
1
What is the millions digit of 1738277?
1
What is the units digit of 512328?
8
What is the hundreds digit of 98592?
5
What is the ten thousands digit of 196785?
9
What is the units digit of 1836565?
5
What is the units digit of 183629?
9
What is the hundred thousands digit of 463331?
4
What is the millions digit of 3054930?
3
What is the tens digit of 310484?
8
What is the ten thousands digit of 2501222?
0
What is the ten thousands digit of 143208?
4
What is the ten thousands digit of 583383?
8
What is the hundreds digit of 4168256?
2
What is the millions digit of 6777745?
6
What is the thousands digit of 236624?
6
What is the tens digit of 585724?
2
What is the tens digit of 87124?
2
What is the hundred thousands digit of 161027?
1
What is the millions digit of 15331783?
5
What is the tens digit of 455819?
1
What is the hundred thousands digit of 254049?
2
What is the units digit of 507366?
6
What is the hundreds digit of 2851683?
6
What is the units digit of 3195793?
3
What is the units digit of 181947?
7
What is the tens digit of 651807?
0
What is the millions digit of 2657515?
2
What is the hundreds digit of 3106995?
9
What is the thousands digit of 117498?
7
What is the thousands digit of 7141455?
1
What is the units digit of 12406547?
7
What is the ten thousands digit of 20225632?
2
What is the ten thousands digit of 9822976?
2
What is the millions digit of 1569186?
1
What is the thousands digit of 1117377?
7
What is the units digit of 26337926?
6
What is the tens digit of 236675?
7
What is the hundreds digit of 124977?
9
What is the tens digit of 1242709?
0
What is the units digit of 954123?
3
What is the ten thousands digit of 2862076?
6
What is the units digit of 1275714?
4
What is the thousands digit of 18763773?
3
What is the hundred thousands digit of 426666?
4
What is the hundreds digit of 322526?
5
What is the hundred thousands digit of 257762?
2
What is the units digit of 18443105?
5
What is the ten thousands digit of 186332?
8
What is the hundreds digit of 335326?
3
What is the units digit of 863722?
2
What is the hundreds digit of 161011?
0
What is the units digit of 186038?
8
What is the units digit of 12185238?
8
What is the tens digit of 11326843?
4
What is the hundred thousands digit of 1008471?
0
What is the ten thousands digit of 265264?
6
What is the hundreds digit of 37499?
4
What is the units digit of 106350?
0
What is the ten thousands digit of 1887940?
8
What is the tens digit of 71431?
3
What is the tens digit of 17748724?
2
What is the thousands digit of 8274578?
4
What is the ten thousands digit of 2277088?
7
What is the tens digit of 6616189?
8
What is the ten thousands digit of 251309?
5
What is the hundreds digit of 741226?
2
What is the ten thousands digit of 103883?
0
What is the tens digit of 182142?
4
What is the tens digit of 6678?
7
What is the tens digit of 12889236?
3
What is the hundreds digit of 227680?
6
What is the thousands digit of 539912?
9
What is the units digit of 2727?
7
What is the millions digit of 12730372?
2
What is the hundreds digit of 1673413?
4
What is the millions digit of 26380263?
6
What is the hundreds digit of 633359?
3
What is the ten thousands digit of 3253381?
5
What is the hundred thousands digit of 628811?
6
What is the units digit of 2079890?
0
What is the ten thousands digit of 1131045?
3
What is the units digit of 486084?
4
What is the tens digit of 2999643?
4
What is the hundreds digit of 16862535?
5
What is the hundreds digit of 882846?
8
What is the units digit of 503138?
8
What is the ten thousands digit of 55382?
5
What is the hundreds digit of 8108399?
3
What is the thousands digit of 3103487?
3
What is the tens digit of 6291640?
4
What is the tens digit of 203059?
5
What is the hundreds digit of 1957126?
1
What is the tens digit of 992163?
6
What is the hundreds digit of 6376392?
3
What is the thousands digit of 764667?
4
What is the tens digit of 57927?
2
What is the thousands digit of 6626350?
6
What is the hundreds digit of 12833?
8
What is the thousands digit of 15720827?
0
What is the hundred thousands digit of 3609782?
6
What is the hundred thousands digit of 123028?
1
What is the hundreds digit of 393216?
2
What is the hundred thousands digit of 1232405?
2
What is the thousands digit of 51832?
1
What is the tens digit of 2352604?
0
What is the thousands digit of 2803653?
3
What is the units digit of 598858?
8
What is the thousands digit of 170514?
0
What is the hundreds digit of 977368?
3
What is the ten thousands digit of 27053755?
5
What is the ten thousands digit of 1933847?
3
What is the millions digit of 2596493?
2
What is the hundred thousands digit of 932532?
9
What is the ten thousands digit of 1329009?
2
What is the ten thousands digit of 2673990?
7
What is the ten thousands digit of 868791?
6
What is the ten thousands digit of 37403?
3
What is the hundred thousands digit of 435632?
4
What is the tens digit of 37761?
6
What is the hundreds digit of 15387688?
6
What is the units digit of 1179232?
2
What is the hundreds digit of 2610078?
0
What is the units digit of 20046897?
7
What is the hundreds digit of 191879?
8
What is the millions digit of 8579069?
8
What is the thousands digit of 1276618?
6
What is the ten thousands digit of 464208?
6
What is the thousands digit of 1330088?
0
What is the thousands digit of 31567048?
7
What is the ten thousands digit of 354149?
5
What is the hundreds digit of 3713546?
5
What is the hundred thousands digit of 10357391?
3
What is the tens digit of 1288?
8
What is the tens digit of 3730009?
0
What is the hundred thousands digit of 7281257?
2
What is the units digit of 1119677?
7
What is the units digit of 130642?
2
What is the hundreds digit of 11447731?
7
What is the thousands digit of 36802?
6
What is the millions digit of 7737162?
7
What is the ten thousands digit of 413900?
1
What is the ten millions digit of 21989377?
2
What is the hundred thousands digit of 8593116?
5
What is the hundred thousands digit of 1174200?
1
What is the tens digit of 1200789?
8
What is the hundred thousands digit of 250993?
2
What is the ten thousands digit of 1090260?
9
What is the tens digit of 138327?
2
What is the hundred thousands digit of 9289992?
2
What is the hundred thousands digit of 21107868?
1
What is the tens digit of 1061362?
6
What is the hundred thousands digit of 434525?
4
What is the hundreds digit of 748750?
7
What is the tens digit of 19677751?
5
What is the hundred thousands digit of 6520101?
5
What is the tens digit of 4756629?
2
What is the thousands digit of 7943135?
3
What is the ten millions digit of 13134146?
1
What is the hundred thousands digit of 3244498?
2
What is the millions digit of 36627696?
6
What is the units digit of 1001805?
5
What is the ten thousands digit of 22197?
2
What is the thousands digit of 38528232?
8
What is the hundred thousands digit of 3999579?
9
What is the ten thousands digit of 30778?
3
What is the tens digit of 1154599?
9
What is the ten thousands digit of 322752?
2
What is the thousands digit of 2531015?
1
What is the hundreds digit of 457722?
7
What is the tens digit of 15039195?
9
What is the hundred thousands digit of 843228?
8
What is the thousands digit of 118173?
8
What is the units digit of 12001?
1
What is the tens digit of 1192794?
9
What is the hundreds digit of 24829875?
8
What is the hundred thousands digit of 609760?
6
What is the hundreds digit of 524909?
9